 19 a factor of 100947?
True
Is 1971792 a multiple of 22?
False
Is 54 a factor of 22518?
True
Is 170226 a multiple of 2?
True
Is 1251728 a multiple of 16?
True
Does 255 divide 286875?
True
Is 371937 a multiple of 55?
False
Is 8 a factor of 1989392?
True
Is 1324590 a multiple of 659?
True
Does 13 divide 1454270?
False
Is 18238 a multiple of 9?
False
Is 223 a factor of 781841?
False
Is 515529 a multiple of 147?
True
Is 166788 a multiple of 41?
True
Is 150 a factor of 328366?
False
Does 788 divide 1882532?
True
Is 2272391 a multiple of 613?
True
Does 12 divide 72372?
True
Does 17 divide 26656?
True
Does 16 divide 6010816?
True
Is 226813 a multiple of 4?
False
Is 162919 a multiple of 2?
False
Does 12 divide 55848?
True
Does 16 divide 838446?
False
Does 22 divide 871725?
False
Is 278217 a multiple of 57?
True
Is 128010 a multiple of 76?
False
Does 1045 divide 6887055?
False
Does 63 divide 9358?
False
Does 213 divide 90525?
True
Does 42 divide 6587826?
True
Does 36 divide 119160?
True
Is 23 a factor of 138851?
True
Is 518 a factor of 179746?
True
Does 8 divide 2381304?
True
Does 41 divide 50922?
True
Is 101911 a multiple of 298?
False
Does 64 divide 76594?
False
Is 2950400 a multiple of 40?
True
Is 2763844 a multiple of 212?
True
Is 184506 a multiple of 34?
False
Does 746 divide 7007178?
True
Does 29 divide 2370547?
True
Is 6904000 a multiple of 125?
True
Is 1356 a factor of 9344196?
True
Is 538412 a multiple of 14?
True
Is 19 a factor of 439318?
True
Does 38 divide 1612302?
True
Is 64 a factor of 1536803?
False
Is 112 a factor of 22586816?
True
Does 22 divide 251276?
False
Does 106 divide 81620?
True
Is 5087808 a multiple of 44?
True
Does 14 divide 1737708?
True
Does 633 divide 1174519?
False
Does 38 divide 6767337?
False
Does 2 divide 415?
False
Does 27 divide 600389?
False
Does 240 divide 1092480?
True
Does 15 divide 3501?
False
Is 1850107 a multiple of 3?
False
Does 18 divide 31788?
True
Does 75 divide 60300?
True
Is 56699 a multiple of 31?
True
Is 336733 a multiple of 191?
True
Is 81 a factor of 1537430?
False
Does 321 divide 616641?
True
Is 9 a factor of 463734?
True
Is 8 a factor of 6273930?
False
Is 67 a multiple of 2?
False
Is 31 a factor of 146757?
False
Is 223934 a multiple of 105?
False
Is 26 a factor of 87942?
False
Is 158 a factor of 7542673?
False
Does 30 divide 38580?
True
Is 1159 a factor of 14203545?
True
Is 465 a factor of 284626?
False
Is 14512203 a multiple of 1805?
False
Does 8 divide 6405047?
False
Is 681030 a multiple of 70?
True
Is 23 a factor of 359828?
False
Does 16 divide 1417440?
True
Is 4192134 a multiple of 199?
True
Does 39 divide 6763536?
True
Is 5 a factor of 33320?
True
Is 1948828 a multiple of 196?
True
Does 45 divide 883182?
False
Is 49 a factor of 119633?
False
Is 409829 a multiple of 19?
False
Is 240 a factor of 2292000?
True
Is 1258337 a multiple of 85?
False
Is 29150 a multiple of 50?
True
Is 1050556 a multiple of 13?
True
Is 551 a factor of 1517845?
False
Is 2471100 a multiple of 939?
False
Is 10 a factor of 2315190?
True
Does 26 divide 34352?
False
Is 139 a factor of 1414603?
True
Does 44 divide 161407?
False
Is 4130 a multiple of 35?
True
Is 12 a factor of 13815488?
False
Is 922463 a multiple of 24?
False
Is 6536644 a multiple of 225?
False
Is 2624832 a multiple of 192?
True
Does 8 divide 151896?
True
Does 706 divide 256984?
True
Is 50 a factor of 131610?
False
Is 134 a factor of 282204?
True
Does 209 divide 3000096?
False
Is 39 a factor of 200788?
False
Is 478555 a multiple of 121?
True
Is 239 a factor of 105399?
True
Does 601 divide 104574?
True
Does 23 divide 16967399?
True
Does 157 divide 87307?
False
Is 2155436 a multiple of 79?
True
Is 676 a factor of 3357016?
True
Does 3 divide 2196319?
False
Is 2728836 a multiple of 297?
True
Does 131 divide 88163?
True
Does 162 divide 42606?
True
Is 234 a factor of 35319?
False
Is 76 a factor of 61052?
False
Is 69632 a multiple of 64?
True
Is 80 a factor of 81609?
False
Does 11 divide 196691?
True
Is 92 a factor of 1164168?
True
Does 80 divide 580640?
True
Is 80 a factor of 53840?
True
Does 289 divide 32490247?
True
Does 38 divide 3626863?
False
Is 1873434 a multiple of 6?
True
Does 1376 divide 77028?
False
Is 49 a factor of 339766?
True
Is 40 a factor of 124815?
False
Does 8 divide 117182?
False
Does 320 divide 16944640?
True
Is 270911 a multiple of 216?
False
Does 4 divide 2799122?
False
Is 1655297 a multiple of 606?
False
Is 71016 a multiple of 3?
True
Is 11832291 a multiple of 94?
False
Does 64 divide 4947712?
True
Does 174 divide 297426?
False
Is 6148200 a multiple of 40?
True
Is 609584 a multiple of 157?
False
Is 31 a factor of 384338?
True
Is 43 a factor of 1779355?
False
Is 343035 a multiple of 15?
True
Is 27 a factor of 221049?
True
Is 33 a factor of 3495575?
False
Does 234 divide 985837?
False
Is 1635325 a multiple of 153?
False
Does 18 divide 221487?
False
Is 7876701 a multiple of 40?
False
Is 17 a factor of 6894?
False
Does 123 divide 1051864?
False
Does 58 divide 589965?
False
Does 35 divide 842800?
True
Is 103 a factor of 230344?
False
Is 561 a factor of 4715160?
False
Is 336 a factor of 11235?
False
Is 1795660 a multiple of 2?
True
Is 5 a factor of 106072?
False
Does 81 divide 12840930?
True
Does 44 divide 209091?
False
Does 35 divide 161980?
True
Does 35 divide 3971415?
True
Does 512 divide 5005312?
True
Is 69570 a multiple of 45?
True
Is 162116 a multiple of 6?
False
Is 182286 a multiple of 494?
True
Is 746 a factor of 18650?
True
Is 374 a factor of 2756707?
False
Is 37 a factor of 4029004?
True
Does 26 divide 263082?
False
Is 94 a factor of 16733298?
False
Is 76 a factor of 1315180?
True
Is 2015092 a multiple of 464?
False
Does 167 divide 81620?
False
Does 62 divide 1215457?
False
Is 1040934 a multiple of 249?
False
Is 9156142 a multiple of 1765?
False
Is 27 a factor of 105001?
False
Is 4518402 a multiple of 207?
False
Is 129 a factor of 27606?
True
Is 519 a factor of 296319?
False
Is 19 a factor of 194895?
False
Is 18 a factor of 251028?
True
Does 113 divide 24261?
False
Is 229730 a multiple of 216?
False
Does 247 divide 593454?
False
Does 3100 divide 39466100?
True
Is 62848 a multiple of 8?
True
Is 83 a factor of 1109710?
True
Does 28 divide 8316?
True
Is 57 a factor of 56145?
True
Is 3 a factor of 600318?
True
Is 224289 a multiple of 71?
True
Is 1056 a factor of 3713634?
False
Does 10 divide 381340?
True
Is 21492 a multiple of 54?
True
Is 13 a factor of 508717?
False
Is 11280 a multiple of 5?
True
Is 411 a factor of 761179?
False
Is 21 a factor of 49056?
True
Is 45 a factor of 537479?
False
Is 17039619 a multiple of 27?
True
Is 532911 a multiple of 37?
True
Is 238616 a multiple of 19?
False
Does 50 divide 672677?
False
Is 137 a factor of 506970?
False
Does 8 divide 1755056?
True
Is 12354 a multiple of 124?
False
Is 11944 a multiple of 4?
True
Is 939 a factor of 437683?
False
Does 4 divide 1044597?
False
Is 2351914 a multiple of 7?
False
Is 1033325 a multiple of 32?
False
Does 40 divide 267600?
True
Is 37 a factor of 4569611?
True
Is 20 a factor of 9085567?
False
Is 42427 a multiple of 7?
True
Is 102700 a multiple of 316?
True
Is 7 a factor of 1128446?
False
Is 550137 a multiple of 67?
True
Is 537726 a multiple of 133?
False
Is 649674 a multiple of 54?
True
Does 36 divide 28988136?
True
Is 33822 a multiple of 9?
True
Is 887 a factor of 2355178?
False
Does 21 divide 19089?
True
Does 112 divide 14666?
False
Is 308619 a multiple of 36?
False
Is 8370 a multiple of 62?
True
Does 8 divide 35304?
True
Is 110 a factor of 10927189?
False
Does 46 divide 246882?
True
Does 630 divide 17203180?
False
Is 7488184 a multiple of 770?
False
Does 497 divide 104056?
False
Is 14 a factor of 1482640?
False
Does 570 divide 421800?
True
Does 166 divide 483226?
True
Does 48 divide 754272?
True
Is 2981495 a multiple of 582?
False
Is 6 a factor of 118087?
False
Does 406 divide 2422127?
False
Does 54 divide 495774?
True
Is 6 a factor of 1304040?
True
Does 14 divide 4354244?
False
Is 16142559 a multiple of 1813?
False
Is 2585133 a multiple of 56?
False
Does 495 divide 682751?
False
Is 829 a factor of 737795?
False
Is 9815648 a multiple of 76?
False
Is 432277 a multiple of 36?
False
Is 227348 a multiple of 31?
False
Is 31622 even?
True
Does 17 divide 17692971?
True
Is 